 = 2*z + 5*m + 140, m - 176 = 3*z. What is the units digit of z/(-8) + (-2)/(-4)?
8
Suppose -6*k + 2*k + 24 = 0. Suppose k = u - 2*u. What is the units digit of (-5)/2*u/5?
3
Let g = -67 - -119. What is the tens digit of g?
5
Suppose -10 = 4*g - 4*i + 6, 4*g = -4*i + 24. Let o be -1*g*(-10 + 6). Suppose 0*k - o = -2*k. What is the units digit of k?
2
Suppose -19 = -4*g + 61. Let z = 75 - g. What is the units digit of z?
5
Let b(u) = u**2 + 8*u + 6. Let z be b(-9). Suppose -3*c + 9 + z = 0. What is the units digit of c?
8
Let x = 914 - 589. What is the units digit of x?
5
Let j(l) = 2*l**3 - 3*l**2 + 2*l + 2. Let p be j(2). Suppose -s + 2*c + p = 0, -s - s + 44 = 2*c. What is the tens digit of s?
1
Let a(s) = -38*s + 5. What is the units digit of a(-1)?
3
Suppose 4 = -3*a + a. Let o(x) = 8*x**2 + x + 2. Let b be o(a). Suppose 3*c - b = -c. What is the units digit of c?
8
Suppose 7*j = 2*j. Suppose -88 = -j*n - 4*n. What is the tens digit of n?
2
Let g be (-1)/(-2) - 9/6. Let a = 2 - g. Suppose 2*v + 17 = a*v. What is the tens digit of v?
1
Let l(x) be the second derivative of -2*x**5/5 - x**4/4 - x**3/6 + x**2/2 + 2*x. Let q be l(-2). Suppose 0 = 2*i - 7*i + q. What is the tens digit of i?
1
Let g(r) = 31*r**3 + r. What is the units digit of g(1)?
2
Let u(b) be the third derivative of -b**5/120 + 5*b**4/12 + b**3/6 - 2*b**2. Let l(n) be the first derivative of u(n). What is the units digit of l(7)?
3
Suppose -20 = -6*b + 34. What is the units digit of b?
9
Let s(r) = -r**2 + 8*r - 9. Let k be s(7). Let m(q) = -8*q + 1. What is the tens digit of m(k)?
1
Let h(f) = f**3 + 6*f**2 - 9*f - 10. What is the units digit of h(-6)?
4
Let p = -17 - -11. Let s(a) = -a**3 - 6*a**2 + 5. Let l be s(p). What is the tens digit of (24/10)/(l/25)?
1
Let w(t) = -9*t + 11. What is the tens digit of w(-6)?
6
Suppose -3*x + 41 = -7. Let f = -1 + x. What is the units digit of f?
5
Suppose -5*o + 210 = q + 4*q, -5*o = -4*q - 201. What is the units digit of o?
1
Suppose -3 + 4 = -w. Let p be (-1)/(2/4 + w). Suppose 0*a - 22 = -4*s - a, p*a - 29 = -5*s. What is the units digit of s?
5
Suppose -6 - 6 = 4*t, -4*f - 2*t = 2. Let l be f/(75/39 + -2). Let a = -8 - l. What is the units digit of a?
5
Suppose 2*j + 500 = 4*u - 3*j, -500 = -4*u + 4*j. What is the units digit of u?
5
Let k = 10 - -42. What is the tens digit of k?
5
Let p(n) = -9*n + 10. What is the tens digit of p(-5)?
5
Suppose x = -x - 8, -5*f = 5*x - 265. What is the tens digit of f?
5
Suppose 4*j = 4, h - 4*j - 554 = -2*h. Let u = -133 + h. Suppose -u = -4*q - o, -38 = -3*q - o + 2*o. What is the units digit of q?
3
What is the hundreds digit of (-1)/2 + -1 - 533/(-2)?
2
Let x = 2 + -2. Suppose 3*o - 3*q - 21 = -o, x = 3*o - 3*q - 12. What is the units digit of o?
9
Let a = 80 - 46. What is the tens digit of a?
3
Let l(j) = j**3 + 3*j**2 - 5*j - 6. Let s be l(-4). Let y be s/10 + 12/10. Suppose r = -5*c - 11, -y = -4*r - 5*c - 0*c. What is the units digit of r?
4
Let g(c) = 3*c + 14. Let x be g(-10). Let h be 24/10 + x/40. Suppose 0*d - h = -d. What is the units digit of d?
2
Suppose 0*k + 5*k + 265 = 0. What is the units digit of k/(-17) + 10/(-85)?
3
Suppose -r - 2 = -26. What is the units digit of r?
4
Let n be 14/2*(-24)/(-14). Let a(x) = x**2 - 11*x + 7. What is the tens digit of a(n)?
1
Let r be (-1 + 21/15)*-5. Suppose -10 = 8*g - 3*g + 5*c, -2*g + 5*c + 31 = 0. Let z = r + g. What is the units digit of z?
1
Suppose 2*w = -0*w. Suppose -29 = -4*i + 5*j, 2*j + 10 = -w*j. What is the units digit of i?
1
Let z(p) = p**3 - 8*p**2 + p - 2. Let a be z(8). Let i(u) = u**3 - 5*u**2 - 5*u + 4. What is the units digit of i(a)?
0
Suppose -6 = -b - b. Suppose 2*y - b*z = -3*y, 0 = 3*y + 4*z + 29. Let v = 18 + y. What is the tens digit of v?
1
Suppose -3*b = 5*r - 7*b + 50, 0 = -3*r + b - 30. Let q(v) = v**3 + 10*v**2 - 2*v. Let k be q(r). Suppose 3*y = -2*y + k. What is the units digit of y?
4
Suppose 4*q - 37 = d + 77, -d + 60 = 2*q. Suppose -5*h + 16 = -q. What is the units digit of h?
9
Let n(z) = z**2 - 3*z + 1. Let f be n(4). Suppose -5*u - 45 = 4*g - 150, f*u = -3*g + 75. What is the units digit of g?
0
Suppose 5*r + 2*m + 14 = 33, 3*r - 1 = 4*m. Suppose r*o - o - 14 = 0. Suppose -2*i + 9 = -o. What is the units digit of i?
8
Suppose 12*i - 4*i = 536. What is the units digit of i?
7
What is the hundreds digit of 10/(-45) + -214*(-75)/54?
2
Suppose -t - 10 = -3. What is the units digit of (-54)/t + 6/21?
8
Suppose 76 = l - d - 75, 5*l - 3*d = 751. What is the tens digit of l?
4
Let y be 40/15*6/4. Let j = 6 - y. What is the units digit of j?
2
Suppose 40 = 4*l - 160. Suppose p = 3*w + l, -38 = -4*p + 3*p - w. What is the units digit of p?
1
Let b = 35 + 57. Suppose -23 + 103 = 3*i + 2*j, 0 = -3*i - 5*j + b. What is the tens digit of i?
2
Let r be 20/(-8)*(5 - 1). Let x = r + 20. What is the units digit of x?
0
Let y(c) = c**3 + 5*c - 9. What is the tens digit of y(3)?
3
Let i(r) = -r + 12. Let j be i(8). Suppose 0*p = j*p - 32. What is the units digit of p?
8
What is the units digit of (-2 - -1) + 0 + 211?
0
Let w = -5 + 0. Let v(t) = t**2 + 8*t + 4. Let h be v(w). Let d = -2 - h. What is the units digit of d?
9
Let o(h) = h**3 + 4*h**2 - 6*h - 2. Let z be o(-5). Suppose z*m = 5*m - 8. Suppose -m*k + 25 = k. What is the units digit of k?
5
Let v = -355 - -597. What is the hundreds digit of v?
2
Let o be (-34)/14 - (-12)/(-21). What is the tens digit of (2/o)/(20/(-1590))?
5
Let p = -20 - -30. What is the units digit of (-25)/p*(-1 - 13)?
5
Let t be 0/(-1 + (0 - 0)). Suppose -5*y + 10 = 4*j, 2*j = -t*j - 10. Let b = 10 - y. What is the units digit of b?
4
Let z = -4 - 6. Let w = 17 + z. What is the units digit of w?
7
Let f = -143 - -101. Let z = f + 78. What is the tens digit of z?
3
What is the hundreds digit of (-2)/(-6)*-3*-118?
1
Let m(u) = 5*u - 5. Let h be 0 - 4 - (-40)/4. What is the tens digit of m(h)?
2
Let x be (-6)/(-10) + (-77)/(-55). Suppose -x*k - k = -108. What is the units digit of k?
6
Suppose x = 4*x - 135. Suppose x = 4*d + d. Suppose -k + 3*y + d = 0, 2*k + 10 - 30 = 5*y. What is the units digit of k?
5
Suppose w + 18 = 2*b + 3*w, 0 = -w + 3. Let i(t) = t - 1. Let d be i(1). Suppose 2*q - 36 + b = d. What is the units digit of q?
5
Let g be (-4 + 1)/((-18)/24). Let l = 8 - g. What is the units digit of l?
4
Suppose 4*i + 3 = i. Let q = 52 + i. What is the tens digit of q?
5
Suppose 0 = f + 4*f + 160. Suppose 1 = -v, 12 + 30 = -2*s + 2*v. Let t = s - f. What is the units digit of t?
0
Suppose -2*p - 4*t = -33 - 23, -4*t - 16 = -2*p. What is the tens digit of p?
1
Let w = 3 + 2. Suppose 17 = 2*l - 3*q, 4*q = -2*l - w + 15. What is the units digit of l?
7
Let c = -6 + 10. Let s(k) = k**2 + 2*k - 3. What is the units digit of s(c)?
1
Suppose -t - 15 = 4*p, -4*t + 35 = -5*p + 2*p. Suppose t*j = 3*u - 0*u - 20, -3*u + 4*j + 22 = 0. What is the tens digit of u?
1
Suppose b + 1 = 2, -b + 99 = 2*x. What is the units digit of x?
9
Let k(y) = 4*y**2 + y - 1. What is the units digit of k(-3)?
2
Suppose -10 = -4*b + 2. What is the units digit of 7 + 3 + b*-2?
4
Let w = 5 - 14. Let a(x) = -2*x - 12 - x**3 + 3*x**2 - 3*x**2 - 9*x**2. What is the units digit of a(w)?
6
Suppose h - 6 = -2. Suppose -b + h = -0*b. Suppose -4*u + 40 = -b*s, 0*u = -3*u + 2*s + 30. What is the tens digit of u?
1
Suppose 142 = 4*b - 46. What is the units digit of b?
7
Let i = 230 + -22. What is the units digit of i?
8
Suppose -32 = -4*q + 12. What is the units digit of q?
1
Let o(j) = -j**2 - 16*j + 27. What is the tens digit of o(-11)?
8
Let t(j) = -5*j + 9. What is the tens digit of t(-3)?
2
Suppose -4*z - 37 = 5*l, 2*z + 26 = -0*z - 4*l. Let t = z - -7. What is the units digit of t?
4
What is the units digit of 0 - (-1 - 2 - (-180)/(-2))?
3
Let q(n) = -2*n + 1. Let l = 12 - 22. Let u(i) = -i**3 - 11*i**2 - 11*i - 14. Let r be u(l). What is the units digit of q(r)?
9
Let r = 5 - 3. Let m(s) = 3*s - 2 + 0 - 2 + r. What is the units digit of m(2)?
4
Suppose k + 0 - 2 = -3*r, 0 = 5*r. Let h be 2 - (k + -3) - 5. What is the tens digit of (-6)/h*(0 - -5)?
1
Suppose 0 = 3*j - 5*j. Suppose 2*v - c = 9, 2*v + j + 9 = -5*c. Suppose 4*z = -7*h + 3*h + 32, v*h + 1 = 2*z. What is the units digit of z?
5
Let l(z) = -2*z + 6. Let a(r) =